/10)/((-2)/5). Let y = -6 - -11. Suppose -y*j + q*j + 74 = 0. Is j a prime number?
True
Let h(u) = -3 + 0 + 101*u + 65*u + 88*u. Is h(2) a prime number?
False
Let s be 2/9 + (-6798)/(-27). Let u = s + -93. Is u a composite number?
True
Suppose 0*c + 8 = 4*c. Suppose -c*g + 35 = -g. Is g a composite number?
True
Let v = 7 - 4. Suppose -2*g - 5*x - v = 0, x - 1 = -3*g - x. Is (-1)/(-2)*(25 + g) composite?
False
Let h be ((-3)/(-2))/(6/(-8)). Let t be (3/(-4))/(h/(-8)). Is t/9 + (-34)/(-3) a prime number?
True
Suppose -4*h + 0 + 12 = 0. Suppose -2*s = -3*s - 5*z + 1177, -4*z = -4. Suppose -h*u = u - s. Is u prime?
True
Let f = 323 + 162. Is f a composite number?
True
Let p = 7 + 2. Let r = p + -6. Suppose -a - 4*d = -0*a - 42, r*a + 3*d - 81 = 0. Is a a prime number?
False
Let o(u) = 1. Let k(z) = -z - 4. Let l(n) = k(n) - 2*o(n). Let q be l(-8). Suppose 20 + 138 = q*t. Is t a composite number?
False
Let s(f) = -f**3 + 10*f**2 - 5*f - 1. Let a = -10 + 16. Is s(a) a composite number?
False
Let y(d) = d - 6. Let z be y(9). Suppose -755 = -5*v - 3*b, -b - 178 - 261 = -3*v. Suppose x = -z*x + v. Is x composite?
False
Let v be 1 - -2*76/(-8). Let m be ((-2)/(-4) - 1)*54. Let i = v - m. Is i a prime number?
False
Let r(b) = -11*b + 247 + 32 + 12*b. Let a be r(0). Let c = a - 158. Is c composite?
True
Let t(v) = v - 1. Let s be t(1). Is (-65)/5*(s + -1) prime?
True
Let f = 9 - 5. Suppose 0 = 2*w + 6*v - 2*v - f, -4*v + 14 = 3*w. Is 532/w - 2/10 composite?
False
Let w(k) = -66*k**3 + k**2 - 2*k - 2. Is w(-1) prime?
True
Let v = 17 - 12. Suppose -2*g - 5*i + 71 = 0, 0 = -0*i + i - v. Is g prime?
True
Suppose -i = 2*i - 9. Suppose -3*y + 0 = -i. Suppose -5*n = y - 111. Is n composite?
True
Let i(k) = -k**3 + 16*k**2 - 10*k + 7. Is i(6) a composite number?
False
Suppose -p - 1 - 2 = d, -4*p = 2*d + 4. Let x(l) = 14*l**3 - l**2 + l - 1. Is x(p) prime?
True
Let c be (-5)/((-2)/70*1). Let y be (-6)/9 + (-53)/(-3). Suppose c = 3*u + 4*d, y = 4*u + 4*d - 211. Is u a composite number?
False
Suppose g = y + 5*g - 9, -3*y = -5*g + 24. Let b(z) = 14*z + 3. Let k(c) = -15*c - 2. Let v(w) = 3*b(w) + 4*k(w). Is v(y) composite?
True
Let t(d) = 84*d**2 - 5*d - 3. Is t(-4) a prime number?
True
Let g(m) = -220*m + 3. Let n be g(-3). Suppose 2*w - 4*s = 438, -2*w + 3*s = w - n. Is w composite?
False
Suppose -o + 1 + 3 = 0. Suppose -m + o*m + 5*w + 30 = 0, 3*m + 3*w + 24 = 0. Is 64/10 - 3/m a prime number?
True
Let t = -68 - -195. Is t a composite number?
False
Let y(j) = -3*j + 4. Let p be y(2). Is p + (-4 - -2) + 471 a composite number?
False
Suppose -2554 = -3*p - s - 396, -4*p - 4*s + 2880 = 0. Is p a prime number?
True
Suppose 0 = -m, 3*z + 5*m - 9 = -0*m. Let s = z + 31. Is s prime?
False
Is (3212/(-55))/(2/(-5)) a prime number?
False
Suppose -4*s = -7*s + 4791. Is s prime?
True
Suppose -2*r - r - 288 = 0. Let g = -54 - r. Suppose -s + g = s. Is s prime?
False
Let l(p) = 210*p + 1. Is l(3) composite?
False
Let l(m) be the first derivative of m**4/4 + m**3/3 - m**2 + m + 4. Is l(3) composite?
False
Let y(p) = p - 1. Let v(i) = -10*i - 7. Let o(g) = -v(g) - 6*y(g). Is o(13) a composite number?
True
Let m be (-1)/(45/(-21) - -2). Suppose -m = -5*n + 23. Is n a composite number?
True
Let j(c) = 19*c - 6. Is j(3) a prime number?
False
Suppose 0 = 2*y - 5 - 3. Let t be 6 - y - (7 + 0). Is (-15)/t*8/6 a composite number?
True
Suppose -5*z - 105 + 307 = d, 3*d = -z + 606. Is d a prime number?
False
Let u = 1 + 2. Is 958/8 - u/4 prime?
False
Let o(l) be the first derivative of l**4/4 + 8*l**3/3 - 7*l**2 - 8*l - 1. Is o(-9) prime?
True
Let a(p) = -p - 3. Let j be a(-5). Suppose -3*z + 882 = -3*n, 2*n + 3*n - 623 = -j*z. Is z prime?
False
Suppose 6 + 56 = 3*v + 4*c, -4*c + 98 = 5*v. Is 4/18 - (-5306)/v prime?
False
Let a = -13 + 5. Let c = a - -12. Suppose -c - 15 = -u - 2*s, -2*u - s = -38. Is u composite?
False
Let r(a) = 39*a + 4. Let w be (-3)/9*0/1. Suppose w = 8*c - 4*c - 12. Is r(c) prime?
False
Is 4 - 2/(6/(-3609)) prime?
False
Suppose 10 = 3*p + 1. Suppose -4*r - 4*g = 588, -4*r - p*g - 665 + 77 = 0. Let v = r - -274. Is v prime?
True
Suppose 3*x - 16 = -4*a, 2*x + 3*a + a = 16. Let q be x + 1 + 13*6. Suppose v + 2*p = 43, 2*v + 3*p - q - 9 = 0. Is v prime?
True
Let k(q) be the third derivative of q**5/12 + q**4/4 - q**3 + 2*q**2. Suppose 4*d - 4*y = 4, 19 = 3*d - y + 2*y. Is k(d) a prime number?
True
Let u(j) = j**3 + 4*j**2 + 3*j. Let l = -8 + 6. Let g be u(l). Is (-1)/(g*(-2)/8) composite?
False
Suppose 3*u - 30 = -0*u. Is -94*(-3 - u/(-4)) a composite number?
False
Let s be (4/(-6))/(2/(-15)). Suppose s*f - f = -8. Is 21/(0 - f/2) composite?
True
Suppose 18*f - 2968 = 10*f. Is f a composite number?
True
Let o(y) = -3*y**2 + 8*y - 7. Let r = -11 + 5. Let w(b) = 6*b**2 - 17*b + 15. Let j(x) = r*w(x) - 13*o(x). Is j(3) composite?
True
Suppose -9*q + 11464 = -5879. Is q a composite number?
True
Let u = 2080 + -1193. Is u a composite number?
False
Suppose 4*o - 6 = o. Suppose o*g + 0*g - 102 = 0. Is g composite?
True
Let c(d) = -d - 1. Let h(s) = -1. Let w(y) = -c(y) - 3*h(y). Let m be w(-2). Suppose m*g - 111 = -g. Is g composite?
False
Let s = 1934 - 1353. Is s prime?
False
Suppose 4*j - 9*j + 785 = 0. Suppose 0 = 2*v - j - 225. Is v prime?
True
Suppose 4*v + 3940 = 4*a, 2015 = 2*a + 2*v + 57. Is a a prime number?
False
Suppose p + 3*p - 180 = 0. Let n = p + 26. Suppose -n = -3*q - 14. Is q prime?
True
Let x(i) = -i**3 - 7*i**2 + 4*i - 11. Is x(-9) prime?
False
Let n = 23 + 127. Suppose 0 = 3*x - 6*x + n. Suppose -4*i - i = -x. Is i a composite number?
True
Let x be (-4)/(-14) + (-1094)/7. Let u = -74 + 59. Is x/u + 4/(-10) a prime number?
False
Let b = 43 + -13. Let j = 3 + b. Is j prime?
False
Let t(i) = 538*i**2 - 3*i - 5. Is t(-2) a prime number?
True
Suppose -3*n + 14 = -13. Suppose 0 = -5*k - 7*t + 3*t + 72, k - t - n = 0. Suppose -4*m - k = -100. Is m a prime number?
False
Suppose 3*u + 5*x = -5, 2*u + 0*u = 5*x - 20. Let c be (u + 2)/(6/(-4)). Is ((-15)/(-2))/(c/4) prime?
False
Suppose 4*h + 130 + 18 = 0. Suppose -3*t - 4*n = 80, -3*n - 46 = 2*t - 4*n. Let m = t - h. Is m a composite number?
False
Let m(u) = u**3 + 11*u**2 + u - 7. Let i(c) = c**3 + 11*c**2 - 7. Let j(p) = -3*i(p) + 4*m(p). Is j(-6) a prime number?
True
Let g(o) = -2*o**3 - 12*o**2 - 7*o - 5. Is g(-8) a prime number?
True
Suppose -5*o - 5*m + 30 = 0, 3*m = -5*o + 6*m + 38. Is o composite?
False
Suppose 0*m - 8 = -m. Suppose m = -5*d + d. Is (1/((-2)/148))/d a prime number?
True
Let f(j) = 4*j**2. Let y be f(1). Suppose n - 1325 = -y*n. Is n a composite number?
True
Let q = 34 - 22. Let c be (q/2)/((-6)/9). Is 2/6 + (-978)/c a composite number?
False
Let o = -936 + 2297. Is o a prime number?
True
Let y(o) = -226*o - 5. Is y(-7) composite?
True
Let t = 71 - 12. Suppose -2*m - t = -19. Let w = 41 + m. Is w prime?
False
Let g = -24 - 182. Is (g/5)/(6/(-15)) prime?
True
Let z(c) be the second derivative of -2*c**3/3 - 7*c**2/2 + 10*c. Suppose -30 = 5*k + 10. Is z(k) a composite number?
True
Suppose -j - 2*j + 234 = 0. Let b = j + -31. Is b prime?
True
Let o(l) = -l**2 + l + 3. Let j be o(0). Suppose y - 133 = j*w, -y + w - 23 + 152 = 0. Is y a composite number?
False
Suppose y = 122 + 57. Is y a prime number?
True
Let d(s) = -s**2 + 5*s + 4. Let k be d(5). Suppose k*w = -0*h + h - 18, -4 = -4*h - w. Suppose -h*l - 3 = -17. Is l a composite number?
False
Suppose 7*n = 6*n + 287. Is n composite?
True
Suppose 3*c = 4*c + 99. Let z = c - -406. Is z a prime number?
True
Let s(w) = -3*w**2 + 2*w - 4. Let v(j) = -3*j**2 + 2*j - 4. Let b(h) = -4*s(h) + 3*v(h). Is b(-3) a composite number?
False
Suppose 0 = 3*d, -92 = 4*y + 2*d - 4*d. Let v = 32 + y. Is 64/6 + 3/v a composite number?
False
Suppose -3*h + 1600 = h. Is 4/(-18) + h/18 a composite number?
True
Let f be (-1693)/(-4) - (-2)/(-8). Let b = f - 296. Is b prime?
True
Let m be (-3)/(-6)*1*2. Suppose -5*o = 5*t - 55, 3*t - o = m + 16. Is t prime?
True
Let f(j) = j**2 - 6*j + 7. Let q be f(5). Let m(v) = v**3 + 3*v**2 - 5*v - 2. Let r be m(-4). Suppose q*d = -r*d + 316. Is d composite?
False
Is 1 + -2 + 114 + 0 prime?
True
Suppose -257 = -3*x + 2*v, -x + 6*x = -3*v + 441. Is x prime?
False
Let x be (40/(-30))/((-8)/6). Is 1072/12 - x/3 composite?
Fal